{"id":353,"date":"2025-06-10T11:34:44","date_gmt":"2025-06-10T09:34:44","guid":{"rendered":"http:\/\/localhost:8888\/wordpress\/?page_id=353"},"modified":"2025-06-23T12:58:55","modified_gmt":"2025-06-23T10:58:55","slug":"code-de-deontologie","status":"publish","type":"page","link":"https:\/\/clothildegonzalez-sophrologue.fr\/index.php\/code-de-deontologie\/","title":{"rendered":"Code de d\u00e9ontologie"},"content":{"rendered":"\t\t<div data-elementor-type=\"wp-page\" data-elementor-id=\"353\" class=\"elementor elementor-353\">\n\t\t\t\t<div class=\"aux-parallax-section elementor-element elementor-element-1626222 e-flex e-con-boxed e-con e-parent\" data-id=\"1626222\" data-element_type=\"container\" data-e-type=\"container\">\n\t\t\t\t\t<div class=\"e-con-inner\">\n\t\t\t\t<div class=\"elementor-element elementor-element-18d2de74 elementor-widget elementor-widget-text-editor\" data-id=\"18d2de74\" data-element_type=\"widget\" data-e-type=\"widget\" data-widget_type=\"text-editor.default\">\n\t\t\t\t<div class=\"elementor-widget-container\">\n\t\t\t\t\t\t\t\t\t<h2 class=\"wp-block-heading\">Code de d\u00e9ontologie, propre \u00e0 la pratique<br \/>de la sophrologie\u00a0<\/h2>\n<p><!-- \/wp:heading --><!-- wp:paragraph --><\/p>\n<p><span style=\"color: #000000;\">Le pr\u00e9sent code de d\u00e9ontologie est le socle commun des sophrologues adh\u00e9rents de la Chambre Syndicale de la Sophrologie. <\/span><br \/><span style=\"color: #000000;\">Il d\u00e9finit mes <strong>engagements<\/strong> et garantit mon <strong>\u00e9thique professionnelle <\/strong>envers le public, mes client\u00b7es et la profession.<\/span><\/p>\n<p><!-- \/wp:paragraph --><!-- wp:heading --><\/p>\t\t\t\t\t\t\t\t<\/div>\n\t\t\t\t<\/div>\n\t\t\t\t<div class=\"elementor-element elementor-element-0ee080f elementor-widget elementor-widget-text-editor\" data-id=\"0ee080f\" data-element_type=\"widget\" data-e-type=\"widget\" data-widget_type=\"text-editor.default\">\n\t\t\t\t<div class=\"elementor-widget-container\">\n\t\t\t\t\t\t\t\t\t<h2 class=\"wp-block-heading\">Article 1<\/h2>\n<p><!-- \/wp:heading --><!-- wp:paragraph --><\/p>\n<p>Les sophrologues s&rsquo;engagent \u00e0 affirmer l&rsquo;\u00e9galit\u00e9 entre les personnes et \u00e0 en respecter l&rsquo;originalit\u00e9 et la dignit\u00e9.<\/p>\n<p><!-- \/wp:paragraph --><!-- wp:paragraph --><!-- \/wp:paragraph --><!-- wp:heading --><\/p>\n<h2 class=\"wp-block-heading\">Article 2\u00a0<\/h2>\n<p><!-- \/wp:heading --><!-- wp:paragraph --><\/p>\n<p>Les sophrologues s&rsquo;engagent \u00e0 interdire toute propagande ou pros\u00e9lytisme religieux ou id\u00e9ologique au sein de leurs cabinets ou lieux d&rsquo;intervention. <br \/>Ils s&rsquo;engagent \u00e0 lutter contre toutes les d\u00e9rives sectaires dont ils seraient t\u00e9moins.<\/p>\n<p><!-- \/wp:paragraph --><!-- wp:heading --><\/p>\n<h2 class=\"wp-block-heading\">Article 3<\/h2>\n<p><!-- \/wp:heading --><!-- wp:paragraph --><\/p>\n<p class=\"p1\">Les sophrologues s&rsquo;engagent \u00e0 respecter et \u00e0 prot\u00e9ger l&rsquo;int\u00e9grit\u00e9 physique et psychique des personnes sous leur responsabilit\u00e9.<\/p>\n<p><!-- \/wp:paragraph --><!-- wp:paragraph --><!-- \/wp:paragraph --><!-- wp:heading --><\/p>\n<h2 class=\"wp-block-heading\">Article 4\u00a0<\/h2>\n<p><!-- \/wp:heading --><!-- wp:paragraph --><\/p>\n<p class=\"p1\">Les sophrologues s&rsquo;engagent \u00e0 respecter la confidentialit\u00e9 des informations collect\u00e9es durant leurs accompagnements individuels ou de groupes.<\/p>\n<h2 class=\"wp-block-heading\">Article 5\u00a0<\/h2>\n<p><!-- \/wp:heading --><!-- wp:paragraph --><\/p>\n<p class=\"p1\">Les sophrologues s&rsquo;engagent \u00e0 respecter et \u00e0 faire respecter la l\u00e9gislation en vigueur.<\/p>\n<h2 class=\"wp-block-heading\">Article 6\u00a0<\/h2>\n<p><!-- \/wp:heading --><!-- wp:paragraph --><\/p>\n<p class=\"p1\">Les sophrologues s&rsquo;engagent \u00e0 actualiser r\u00e9guli\u00e8rement leurs savoirs et leurs comp\u00e9tences afin de r\u00e9pondre aux attentes du public <span class=\"s1\">et <\/span>aux \u00e9volutions de la sophrologie.<\/p>\n<h2 class=\"wp-block-heading\">Article 7\u00a0<\/h2>\n<p><!-- \/wp:heading --><!-- wp:paragraph --><\/p>\n<p class=\"p1\">Les sophrologues s&rsquo;engagent \u00e0 diffuser des offres claires et compr\u00e9hensibles par le public. Ces offres doivent d\u00e9finir les modalit\u00e9s d&rsquo;accompagnement, les objectifs vis\u00e9s et les limites de la sophrologie.<\/p>\n<h2 class=\"wp-block-heading\">Article 8\u00a0<\/h2>\n<p><!-- \/wp:heading --><!-- wp:paragraph --><\/p>\n<p class=\"p1\">Les sophrologues s&rsquo;engagent \u00e0 ne pas diffuser d&rsquo;informations pouvant induire le public ou les m\u00e9dias en erreur ou nuisant \u00e0 l&rsquo;image de la profession.<\/p>\n<h2 class=\"wp-block-heading\">Article 9\u00a0<\/h2>\n<p><!-- \/wp:heading --><!-- wp:paragraph --><\/p>\n<p class=\"p1\">Les sophrologues s&rsquo;engagent \u00e0 user de leur droit de rectification aupr\u00e8s des m\u00e9dias afin de contribuer au s\u00e9rieux des informations communiqu\u00e9es au public sur la sophrologie.<\/p>\n<h2 class=\"wp-block-heading\">Article 10\u00a0<\/h2>\n<p><!-- \/wp:heading --><!-- wp:paragraph --><\/p>\n<p class=\"p1\">Les sophrologues s&rsquo;engagent \u00e0 respecter les concepts et principes g\u00e9n\u00e9raux de la sophrologie. Ils s&rsquo;engagent \u00e9galement \u00e0 ne pas d\u00e9naturer ou amalgamer la sophrologie avec d&rsquo;autres techniques sans que leurs clients en soient avertis.<\/p>\n<h2 class=\"wp-block-heading\">Article 11\u00a0<\/h2>\n<p><!-- \/wp:heading --><!-- wp:paragraph --><\/p>\n<p class=\"p1\">Les sophrologues s&rsquo;engagent \u00e0 respecter les limites de leurs comp\u00e9tences et \u00e0 orienter leurs clients vers un autre professionnel lorsque ceux-ci n\u00e9cessitent un traitement ou une aide th\u00e9rapeutique ne relevant pas de leurs comp\u00e9tences.<\/p>\n<h2 class=\"wp-block-heading\">Article 12<\/h2>\n<p><!-- \/wp:heading --><!-- wp:paragraph --><\/p>\n<p class=\"p1\">Les sophrologues s&rsquo;engagent \u00e0 ne pas se substituer aux professionnels de sant\u00e9, \u00e0 ne pas prodiguer de diagnostic, de prescriptions m\u00e9dicales et \u00e0 ne pas interf\u00e9rer avec des traitements m\u00e9dicaux en cours.<\/p>\n<h2 class=\"wp-block-heading\">Article 13\u00a0<\/h2>\n<p><!-- \/wp:heading --><!-- wp:paragraph --><\/p>\n<p class=\"p1\">Les sophrologues s&rsquo;engagent \u00e0 conserver leur \u00e9thique professionnelle lorsqu&rsquo;ils interviennent sous l&rsquo;autorit\u00e9 d&rsquo;une entreprise ou d&rsquo;un organisme.<\/p>\n<h2 class=\"wp-block-heading\">Article 14\u00a0<\/h2>\n<p><!-- \/wp:heading --><!-- wp:paragraph --><\/p>\n<p class=\"p1\">Les sophrologues s&rsquo;engagent, dans la mesure du possible, \u00e0 proposer un confr\u00e8re \u00e0 leurs client\u00b7es lorsqu&rsquo;ils seront dans l&rsquo;impossibilit\u00e9 de fournir leurs services.<\/p>\n<h2 class=\"wp-block-heading\">Article 15<\/h2>\n<p><!-- \/wp:heading --><!-- wp:paragraph --><\/p>\n<p class=\"p1\">Les sophrologues s&rsquo;engagent \u00e0 entretenir des relations confraternelles de respect et de courtoisie, d&rsquo;honn\u00eatet\u00e9 et de bonne foi avec les autres sophrologues.<\/p>\n<h2 class=\"wp-block-heading\">Article 16\u00a0<\/h2>\n<p><!-- \/wp:heading --><!-- wp:paragraph --><\/p>\n<p class=\"p1\">Tout sophrologue qui ne respecterait pas le pr\u00e9sent code pourrait se voir exclu de la Chambre Syndicale de Sophrologie.<\/p>\n<p>\u00a0<\/p>\n<p class=\"p1\">\u00a0<\/p>\t\t\t\t\t\t\t\t<\/div>\n\t\t\t\t<\/div>\n\t\t\t\t<div class=\"elementor-element elementor-element-ac651e0 elementor-widget elementor-widget-text-editor\" data-id=\"ac651e0\" data-element_type=\"widget\" data-e-type=\"widget\" data-widget_type=\"text-editor.default\">\n\t\t\t\t<div class=\"elementor-widget-container\">\n\t\t\t\t\t\t\t\t\t<p><span style=\"font-size: 16.0016px;\">Version du 22 avril 2021<\/span><\/p>\t\t\t\t\t\t\t\t<\/div>\n\t\t\t\t<\/div>\n\t\t\t\t<div class=\"elementor-element elementor-element-041023d elementor-widget elementor-widget-image\" data-id=\"041023d\" data-element_type=\"widget\" data-e-type=\"widget\" data-widget_type=\"image.default\">\n\t\t\t\t<div class=\"elementor-widget-container\">\n\t\t\t\t\t\t\t\t\t\t\t\t\t\t\t<img decoding=\"async\" width=\"250\" height=\"95\" src=\"https:\/\/clothildegonzalez-sophrologue.fr\/wp-content\/uploads\/2025\/06\/chambre_syndical_sophro.png\" class=\"attachment-large size-large wp-image-299\" alt=\"Logo de la chambre syndicale de la sophrologie pour le code de d\u00e9ontologie\" srcset=\"https:\/\/clothildegonzalez-sophrologue.fr\/wp-content\/uploads\/2025\/06\/chambre_syndical_sophro.png 250w, https:\/\/clothildegonzalez-sophrologue.fr\/wp-content\/uploads\/2025\/06\/chambre_syndical_sophro-200x76.png 200w\" sizes=\"(max-width: 250px) 100vw, 250px\" \/>\t\t\t\t\t\t\t\t\t\t\t\t\t\t\t<\/div>\n\t\t\t\t<\/div>\n\t\t\t\t\t<\/div>\n\t\t\t\t<\/div>\n\t\t\t\t<\/div>\n\t\t","protected":false},"excerpt":{"rendered":"<p>Code de d\u00e9ontologie, propre \u00e0 la pratiquede la sophrologie\u00a0 Le pr\u00e9sent code de d\u00e9ontologie est le socle commun des sophrologues adh\u00e9rents de la Chambre Syndicale de la Sophrologie. Il d\u00e9finit mes engagements et garantit mon \u00e9thique professionnelle envers le public, mes client\u00b7es et la profession. Article 1 Les sophrologues s&rsquo;engagent \u00e0 affirmer l&rsquo;\u00e9galit\u00e9 entre les [&hellip;]<\/p>\n","protected":false},"author":1,"featured_media":0,"parent":0,"menu_order":0,"comment_status":"closed","ping_status":"closed","template":"templates\/page-builder-content.php","meta":{"_monsterinsights_skip_tracking":false,"_monsterinsights_sitenote_active":false,"_monsterinsights_sitenote_note":"","_monsterinsights_sitenote_category":0,"footnotes":""},"class_list":["post-353","page","type-page","status-publish","hentry"],"aioseo_notices":[],"_links":{"self":[{"href":"https:\/\/clothildegonzalez-sophrologue.fr\/index.php\/wp-json\/wp\/v2\/pages\/353","targetHints":{"allow":["GET"]}}],"collection":[{"href":"https:\/\/clothildegonzalez-sophrologue.fr\/index.php\/wp-json\/wp\/v2\/pages"}],"about":[{"href":"https:\/\/clothildegonzalez-sophrologue.fr\/index.php\/wp-json\/wp\/v2\/types\/page"}],"author":[{"embeddable":true,"href":"https:\/\/clothildegonzalez-sophrologue.fr\/index.php\/wp-json\/wp\/v2\/users\/1"}],"replies":[{"embeddable":true,"href":"https:\/\/clothildegonzalez-sophrologue.fr\/index.php\/wp-json\/wp\/v2\/comments?post=353"}],"version-history":[{"count":7,"href":"https:\/\/clothildegonzalez-sophrologue.fr\/index.php\/wp-json\/wp\/v2\/pages\/353\/revisions"}],"predecessor-version":[{"id":534,"href":"https:\/\/clothildegonzalez-sophrologue.fr\/index.php\/wp-json\/wp\/v2\/pages\/353\/revisions\/534"}],"wp:attachment":[{"href":"https:\/\/clothildegonzalez-sophrologue.fr\/index.php\/wp-json\/wp\/v2\/media?parent=353"}],"curies":[{"name":"wp","href":"https:\/\/api.w.org\/{rel}","templated":true}]}}